vide 4665?
False
Does 331 divide 894362?
True
Is 75 a factor of 2973989?
False
Is 211 a factor of 1395765?
True
Is 3 a factor of 242848?
False
Does 30 divide 69856?
False
Is 192 a factor of 412416?
True
Is 22414938 a multiple of 27?
False
Is 166 a factor of 4148506?
True
Does 10 divide 146672?
False
Does 3 divide 55266?
True
Does 22 divide 232210?
True
Is 2 a factor of 152966?
True
Does 38 divide 3931480?
True
Is 157121 a multiple of 98?
False
Is 2099334 a multiple of 73?
True
Is 9 a factor of 366813?
True
Is 127 a factor of 5700893?
False
Is 225642 even?
True
Is 11071598 a multiple of 232?
False
Does 8 divide 379424?
True
Is 41 a factor of 76041?
False
Is 40 a factor of 32000?
True
Does 41 divide 144484?
True
Does 64 divide 333760?
True
Does 199 divide 1245740?
True
Is 970551 a multiple of 5?
False
Does 102 divide 35394?
True
Does 13 divide 767689?
True
Is 65 a factor of 377777?
False
Does 683 divide 1384626?
False
Is 1497899 a multiple of 19?
False
Is 6 a factor of 1475839?
False
Is 91 a factor of 263809?
True
Is 1692432 a multiple of 36?
True
Is 123 a factor of 223614?
True
Is 4 a factor of 124765?
False
Is 200955 a multiple of 6?
False
Is 10 a factor of 2648432?
False
Is 2468880 a multiple of 324?
True
Does 153 divide 184977?
True
Is 90356 a multiple of 14?
True
Is 492 a factor of 4596264?
True
Does 443 divide 2618130?
True
Is 1207602 a multiple of 11?
True
Is 2341082 a multiple of 139?
False
Is 228 a factor of 17481982?
False
Is 482 a factor of 252086?
True
Does 15 divide 1194228?
False
Is 314239 a multiple of 6?
False
Is 1688 a factor of 15333792?
True
Does 141 divide 946127?
False
Does 22 divide 56939?
False
Does 3 divide 96713?
False
Is 13338 a multiple of 78?
True
Is 141 a factor of 75412?
False
Does 76 divide 429172?
True
Does 196 divide 2184812?
True
Is 24 a factor of 135888?
True
Is 23 a factor of 29297913?
False
Is 66 a factor of 78808?
False
Is 1041762 a multiple of 89?
False
Is 8 a factor of 448216?
True
Does 43 divide 6822317?
False
Is 192410 a multiple of 710?
True
Does 17 divide 7935240?
False
Is 84 a factor of 335849?
False
Is 528 a factor of 5748336?
True
Is 21 a factor of 91476?
True
Is 12 a factor of 981717?
False
Is 59 a factor of 22323?
False
Is 38 a factor of 170142?
False
Is 16022 a multiple of 89?
False
Is 216048 a multiple of 26?
False
Does 18 divide 37805?
False
Does 60 divide 437880?
True
Does 243 divide 13895955?
True
Does 13 divide 16918369?
True
Does 4 divide 1226412?
True
Is 2187 a multiple of 729?
True
Is 85 a factor of 38360?
False
Does 70 divide 2110780?
True
Does 199 divide 809930?
True
Is 814597 a multiple of 3?
False
Does 218 divide 3611267?
False
Is 15 a factor of 13391256?
False
Is 30 a factor of 3500447?
False
Does 8 divide 1374440?
True
Does 25 divide 17525?
True
Is 206464 a multiple of 32?
True
Is 1193764 a multiple of 253?
False
Is 804704 a multiple of 16?
True
Does 25 divide 455150?
True
Does 6 divide 223655?
False
Does 240 divide 125076?
False
Is 51 a factor of 3398376?
False
Is 4944512 a multiple of 128?
True
Does 23 divide 3926445?
True
Is 12 a factor of 100244?
False
Is 1664123 a multiple of 144?
False
Is 12 a factor of 578407?
False
Is 320 a factor of 1631315?
False
Does 6 divide 147450?
True
Does 4 divide 44652?
True
Does 103 divide 39964?
True
Does 688 divide 7654688?
True
Is 18 a factor of 1624417?
False
Is 54 a factor of 374724?
False
Is 1992152 a multiple of 10?
False
Does 51 divide 50543?
False
Is 255794 a multiple of 122?
False
Does 8 divide 274430?
False
Does 351 divide 696735?
True
Is 1397740 a multiple of 85?
True
Does 61 divide 1206372?
False
Does 29 divide 250618?
True
Is 411324 a multiple of 151?
True
Does 275 divide 319550?
True
Is 594 a factor of 1693464?
False
Is 75 a factor of 20728500?
True
Does 119 divide 3971707?
False
Is 871443 a multiple of 9?
True
Is 858831 a multiple of 47?
True
Does 21 divide 5425371?
True
Is 964 a factor of 886266?
False
Is 62 a factor of 8932?
False
Is 169 a multiple of 67?
False
Is 246 a factor of 352770?
False
Is 30582 a multiple of 50?
False
Is 8 a factor of 837936?
True
Is 51849 a multiple of 19?
False
Is 6334659 a multiple of 1119?
True
Does 45 divide 6754701?
False
Is 387882 a multiple of 18?
True
Is 15 a factor of 5142360?
True
Is 193707 a multiple of 195?
False
Is 96 a factor of 5998629?
False
Is 189 a factor of 1250613?
True
Is 12245766 a multiple of 193?
False
Is 70608 a multiple of 47?
False
Does 27 divide 9078716?
False
Is 45 a factor of 1253183?
False
Is 551650 a multiple of 34?
True
Is 472456 a multiple of 73?
True
Is 1019467 a multiple of 381?
False
Does 63 divide 5358150?
True
Does 521 divide 449102?
True
Does 1029 divide 13111569?
False
Is 438 a factor of 6713226?
True
Is 94309 a multiple of 65?
False
Is 124 a factor of 363078?
False
Does 568 divide 332848?
True
Is 2236660 a multiple of 219?
False
Is 37990 a multiple of 131?
True
Is 2163395 a multiple of 401?
True
Does 238 divide 381054?
False
Is 3 a factor of 29303?
False
Is 21528 a multiple of 12?
True
Is 2039912 a multiple of 321?
False
Does 1481 divide 1655758?
True
Is 10 a factor of 6620?
True
Is 122059 a multiple of 7?
True
Is 19 a factor of 794679?
False
Does 107 divide 42373?
False
Does 863 divide 16779309?
True
Does 20 divide 9466980?
True
Is 32335 a multiple of 5?
True
Does 297 divide 110187?
True
Is 21 a factor of 63315?
True
Does 10 divide 306601?
False
Is 358602 a multiple of 31?
False
Does 162 divide 97430?
False
Is 17 a factor of 5946940?
True
Does 459 divide 75735?
True
Does 652 divide 21516?
True
Is 31496 a multiple of 4?
True
Is 5341207 a multiple of 445?
False
Is 5 a factor of 56502?
False
Is 117971 a multiple of 19?
True
Is 2 a factor of 85038?
True
Is 390119 a multiple of 12?
False
Is 2140426 a multiple of 62?
True
Does 9 divide 1374254?
False
Is 2584290 a multiple of 15?
True
Does 268 divide 3125952?
True
Does 155 divide 1218942?
False
Does 69 divide 39346?
False
Is 93 a factor of 47709?
True
Is 239 a factor of 165276?
False
Is 87049 a multiple of 45?
False
Does 110 divide 2097920?
True
Is 90764 a multiple of 65?
False
Is 74000 a multiple of 8?
True
Does 61 divide 42856?
False
Is 1194150 a multiple of 164?
False
Is 173016 a multiple of 324?
True
Is 168 a factor of 66528?
True
Does 297 divide 10055012?
False
Does 13 divide 30005?
False
Is 2532488 a multiple of 82?
True
Is 4453087 a multiple of 764?
False
Is 393 a factor of 746377?
False
Is 70121 a multiple of 3?
False
Is 9 a factor of 207604?
False
Is 305025 a multiple of 260?
False
Is 471216 a multiple of 207?
False
Is 706326 a multiple of 4?
False
Does 290 divide 2495791?
False
Is 740568 a multiple of 177?
True
Does 41 divide 23042?
True
Is 24 a factor of 1621895?
False
Is 2913039 a multiple of 279?
True
Is 705 a factor of 48645?
True
Is 580870 a multiple of 349?
False
Does 200 divide 162258?
False
Does 2 divide 8276?
True
Does 134 divide 1421338?
True
Is 8258224 a multiple of 227?
False
Is 15907 a multiple of 3?
False
Is 29 a factor of 9459826?
False
Does 1261 divide 13187538?
True
Does 7 divide 1402793?
True
Does 40 divide 19789513?
False
Is 560 a factor of 841989?
False
Does 87 divide 172782?
True
Is 162 a factor of 459435?
False
Is 9 a factor of 81417?
False
Is 959 a multiple of 7?
True
Does 63 divide 1255527?
True
Is 1206576 a multiple of 252?
True
Does 61 divide 338244?
False
Is 5 a factor of 48935?
True
Does 490 divide 1134412?
False
Is 625 a factor of 222806?
False
Is 145341 a multiple of 50?
False
Does 41 divide 160310?
True
Is 572 a factor of 5427821?
False
Is 5011506 a multiple of 89?
False
Does 105 divide 19536657?
False
Is 7 a factor of 141624?
True
Does 10 divide 24955?
False
Is 12 a factor of 1009932?
True
Does 20 divide 3845585?
False
Does 34 divide 4148?
True
Does 14 divide 45346?
True
Is 6184992 a multiple of 66?
True
Is 75260 a multiple of 212?
True
Does 173 divide 494063?
False
Does 18 divide 5417460?
True
Is 35306 a multiple of 69?
False
Is 13 a factor of 193180?
True
Does 61 divide 16897?
True
Is 4704888 a multiple of 141?
True
Does 10 divide 70010?
True
Is 507804 a multiple of 8?
False
Is 33943 a multiple of 7?
True
Does 93 divide 7799031?
False
Is 256053 a multiple of 411?
True
Is 13 a factor of 76122?
False
Is 120 a factor of 134371?
False
Is 576 a factor of 312423?
False
Is 80 a 